alculate -3 + (-5 - (7 - 8) - 0).
-7
Calculate 4 + -6 + 3 - -2.
3
Calculate -3 + 5 + -3 - 2 - 0.
-3
What is the value of 0 + -3 + (-39 - -37)?
-5
What is the value of 201 - 187 - (7 - 1)?
8
Evaluate -2 + 6 + -1 - (-6 - -5).
4
(-215 - -214) + (-1 - -3)
1
1 - -1 - (-11 + 9)
4
(-8 - (-9 + 1)) + 0
0
1 - (9 - 4) - 0 - -7
3
Calculate 2 + (-2 - (2 + 3 - 4)).
-1
What is -8 + 6 - (0 - (-4 - -2))?
-4
Evaluate -6 + (1 - (-5 + 3)).
-3
What is -1 - -7 - (-4 - 2 - -7)?
5
7 - (-6 - (7 + -24))
-4
What is the value of (-5 - -12 - 8) + 3?
2
Evaluate -2 + (-1 + -5 + 5 - -1).
-2
What is the value of 9 + -5 - 15 - -16?
5
(-6 - -2) + -1 + 1
-4
What is (-2 - (5 - 4)) + 1?
-2
-10 - (1 - (10 - 0))
-1
What is the value of -2 + -2 + -2 + 5?
-1
Evaluate -1 + 2 + -4 - (-1 + -2).
0
What is (0 - (4 + -2) - 0) + -4?
-6
What is (-4 - -3 - 1) + -2?
-4
Calculate -2 + (3 - 3) - 1.
-3
What is 7 + 3 + (12 - 17)?
5
Evaluate 2 - (-1 + (1 - 1)) - 4.
-1
Evaluate -10 + (14 - 22 - -8).
-10
What is (-23 - -15 - (2 + -5)) + 8?
3
What is the value of (-1 + -2 - -6) + -9?
-6
Calculate -1 + -1 + -3 + -1 + 3.
-3
What is the value of (8 - 7) + -1 + 5?
5
What is the value of -3 - (5 + (5 - 8) + 1)?
-6
2 - 1 - (-2 + 1) - 0
2
-7 - -4 - (0 - -3 - 12)
6
What is the value of 2 + (0 - (-2 + 4)) + -3?
-3
Evaluate -1 + (-1 + -4 - -2).
-4
What is (-2 - -3) + 8 + -2?
7
What is 0 + 4 + -6 - 2?
-4
4 + -1 + -1 + (7 - 19)
-10
Calculate (3 - -6) + -7 - -3.
5
(-5 + -5 - 2) + 10
-2
Evaluate 2 - 3 - 2 - 1.
-4
0 + (-3 - (2 - 0))
-5
Calculate -6 - (-6 - -3) - (-1 + -1).
-1
What is the value of -3 - (-1 + (2 - 0))?
-4
What is -62 + 56 + 14 + (0 - 0)?
8
Evaluate 7 - (-7 - -15) - (-2 + 1).
0
What is (10 - 4) + -3 + -2?
1
Calculate -3 + (7 - 1) + 1 + -7.
-3
What is 30 + -38 + (4 - 0) + -2?
-6
What is the value of (-5 - -4) + (9 - 10)?
-2
Calculate 6 - (0 - (0 + -3)).
3
(-1 - 5) + 17 + -1 + 0
10
What is (4 - (23 + -9)) + 8?
-2
Calculate (-26 - -19) + 0 + 3.
-4
(-1 - -3) + -4 + 8
6
Evaluate 6 + -4 + (3 - 3) + -3.
-1
Evaluate -3 + 6 - 3 - 2 - 2.
-4
1 + 0 - (15 + -18) - 2
2
What is the value of 9 - (0 + (0 - -5))?
4
What is (-1 - -7) + -8 - -1?
-1
Calculate -5 + -2 - 0 - -7.
0
Calculate 8 - (-3 - (4 - 20)).
-5
Evaluate -1 + 3 - 4 - (2 + -3).
-1
-135 + 119 - (-5 - 2)
-9
Calculate 3 + (6 - ((-3 - -3) + 6)).
3
3 + (-8 + 1 - 1) + 3
-2
Evaluate (-7 - -1 - -10) + -3.
1
What is the value of (-39 - -25) + (0 - -6)?
-8
Evaluate -1 + 5 - (8 + -6).
2
(2 - (2 + (2 - 0))) + 3
1
Evaluate -61 + 72 - (0 + 4) - -4.
11
What is the value of 8 + (-1 - -6) + -14?
-1
What is (-1 - 11) + -46 + 50?
-8
What is the value of 2 - (5 - (3 - (-1 - 2)))?
3
4 + (0 + -7 - (-44 + 38))
3
Calculate 2 + (3 + -4 + 5 - 3).
3
What is the value of 7 + (-2 - -2 - 5) + -1?
1
Calculate -9 + 0 + 12 - (-1 - -3).
1
Calculate 2 + (8 - 4) + -1.
5
Calculate (-3 + 1 - 4) + (10 - 7).
-3
What is the value of -3 - (7 + 1 + -8)?
-3
What is 0 + -3 - (-5 - 5 - -5)?
2
2 - (-5 + 2) - (0 + 4)
1
What is -9 - (-3 + -4) - (-2 + -1)?
1
Calculate 0 + -9 + 1 - (-112 - -100).
4
What is (1 - -8) + 0 + -5?
4
Evaluate -6 + 7 - (2 - 6) - 8.
-3
What is (10 - 2) + (-9 - -1) + -8?
-8
Calculate -7 + (-4 + 2 - -6).
-3
What is the value of 2 + (-2 - 3) - 2?
-5
Calculate 4 + 18 + -12 - 8.
2
83 + -88 - (-12 - 0)
7
Calculate -3 + -20 + 8 - -12.
-3
-7 - (-6 - -3) - 0
-4
What is the value of -2 + 1 - (0 - 5)?
4
What is the value of 0 - (4 - (-4 + 8))?
0
What is the value of (0 - (-4 - 0)) + 9 + -9?
4
Evaluate 1 + 5 + 1 + -44 + 43.
6
Calculate (90 - 76) + -6 + 1.
9
(-4 - 8) + 1 + 7
-4
2 + (-3 - -2 - (2 + -5))
4
What is (2 - 0) + (-9 - -9)?
2
What is -16 + 13 + -7 + 5?
-5
What is the value of -1 + -2 + 8 + -3?
2
Calculate -1 + -4 + 7 + -4.
-2
(-2 - 3) + 1 - (-9 - -1)
4
Calculate -5 + -3 + 5 - -2 - -3.
2
Calculate 5 + -13 - (3 + -1).
-10
What is -11 - -3 - (-6 + -13) - 3?
8
Calculate (-1 - 5) + 5 + -4 + 2.
-3
What is -11 - (-9 + 20 + -23)?
1
What is the value of -8 - -3 - (4 + -12 + -2)?
5
Evaluate -5 + (5 - (-1 + 2)).
-1
Evaluate 17 + -5 + -8 + -1.
3
Evaluate (-9 - (-9 + 4)) + 9.
5
What is 1 + -1 + (-7 + 12 - 1)?
4
What is the value of (4 - (9 + -5)) + 1 + 0?
1
What is the value of (-4 + 4 - 8) + 5 + 6?
3
1 + (0 - 3) + -3
-5
Calculate -2 + 2 - (-2 - 1 - -3).
0
What is the value of -6 - -3 - (1 + 0)?
-4
What is 1 + -1 + 2 + 42 + -43?
1
Evaluate 1 + (-1 - 0) - (157 - 152).
-5
What is the value of (10 - 0) + (1 - 8)?
3
What is the value of (-6 - 4) + -5 + 18?
3
(-2 - -1) + 4 + -2
1
Calculate (2 - 1) + -2 + (-19 - -20).
0
Calculate 17 + -21 + 11 + 0 + 0.
7
Evaluate 12 + -3 - (-8 + 17).
0
What is the value of (-1 - (-3 + 3 + -1)) + 0?
0
What is (-160 - -163) + (-3 + -1 - 2)?
-3
What is 0 + (-5 - -6 - 5)?
-4
What is the value of (-6 - (1 + 1)) + (-8 - -11)?
-5
What is 7 + -18 - -7 - (-3 + 0)?
-1
What is the value of 2 + -9 + (-1 - -7)?
-1
Evaluate -3 + -2 + (2 - (-6 - -11)).
-8
What is 5 - 9 - (3 - 1) - 0?
-6
What is the value of 8 - (9 + -6 - 1)?
6
Evaluate (-83 - -84) + 6 + 1.
8
What is (8 - -6) + -15 + (-4 - -1)?
-4
What is the value of -15 + -1 + (-2 - -11)?
-7
Evaluate 1 + (1 - (2 + -2)).
2
Evaluate 1 - ((0 - (0 + 7)) + 2).
6
(-10 - -30) + -10 + -2
8
What is the value of 6 + -3 + (-1 - 2)?
0
Evaluate 6 + (5 - -1) + -13.
-1
Evaluate 7 + -1 + 0 - (34 - 22).
-6
What is 1 + -1 - ((-3 - -3) + 1)?
-1
Evaluate (0 + 0 - 2) + (16 - 18).
-4
What is the value of -4 + 3 + 3 + 0 + -5?
-3
What is -2 - (13 + -7 + -9)?
1
What is (-1 + 2 - 1) + (-13 - -11)?
-2
What is 3 + (-13 - (-7 + 11) - -7)?
-7
What is 7 - ((3 - 4) + (-2 - -5))?
5
Evaluate 2 - (2 + -2) - (11 + -7).
-2
-12 - -5 - (-4 + -8)
5
What is the value of 51 - 48 - (6 - 0)?
-3
(2 - -1) + (2 - 10)
-5
Calculate 5 + 1 + (-1 - 3).
2
Calculate 9 - (4 + 4 + -1).
2
What is 0 + (26 + -16 - (2 + 1))?
7
Calculate 9 - (11 - 1 - 6).
5
Calculate 5 - (13 + (-2 + 7 - 7)).
-6
1 - 2 - (-16 + 18 - 3)
0
-4 - (-5 - -4) - (-4 + 4)
-3
8 - (3 + -3 + 3)
5
Calculate (0 - 4) + 1 - (-175 - -179).
-7
Calculate (-14 + 14 - (1 + 2)) + 2.
-1
What is -4 + 1 + (-3 - 0) + 4?
-2
1 + -1 + -2 - (96 - 96)
-2
What is the value of 4 + (-8 - (-3 - -3))?
-4
4 - (-5 - -3 - -1) - 1
4
What is the value of 1 - (-9 - (2 - 10))?
2
What is -7 - ((4 - 5) + -2 - -1)?
-5
What is the value of -3 + (-6 - -13) + -3?
1
What is the value of (1 - (13 - 5)) + 3?
-4
Evaluate -78 + 91 - (0 + 6).
7
-1 + (5 - 4) - 4
-4
Calculate 2 + 5 - 2 - 9 - -3.
-1
What is the value of 1 - (-2 - -3 - 0) - 1?
-1
Evaluate (-4 - (0 + -2)) + (3 - 6).
-5
Calculate 4 - (6 + 1 + 0 + -1).
-2
(-5 - 4) + (-16 - -21)
-4
Evaluate -6 + 7 + -6 + 7.
2
Evaluate (12 - (5 + -1)) + -8 + 2.
2
What is the value of 3 + -4 + 7 + -3?
3
What is 1 + (-6 - -11) + -11 + 1?
-4
Calculate -25 - -26 - (-2 - -1).
2
What is the value of -42 + 40 - (6 + -1)?
-7
(9 - 10) + -2 + 0
-3
Calculate -1 - (12 + -10 + 4).
-7
Evaluate -4 + 1 + (6 + 1 - 9).
-5
Evaluate -5 + 1 + (-12 - (-7 - 1)).
-8
Evaluate (5 - -1) + (-29 - -29).
6
What is the value of 6 + (0 - 6) + 4 + 2?
6
0 + 5 + (7 - 10)
2
5 + -11 + 5 - -4
3
What is 0 + (-1 + 3 - 0)?
2
What is 5 - (3 - (0 - 2))?
0
What is -7 + (-9 - -19) - 6?
-3
What is the value of (8 + -3 - 2) + (-9 - -10)?
4
What is (-1 - -3) + 12 + -31 + 13?
-4
Evaluate 11 - (18 + (-5 - -4)).
-6
-10 + 4 + 7 + -8 + 13
6
2 + (2 + -3 - -5) - 3
3
Evaluate (-4 - -4) + (-1 - -1).
0
Evaluate (501 - 500) + (-7 - 0 - 1).
-7
Evaluate 1 - 6 - (1 + -7).
1
What is -8 - (-5 + (4 - 0) + -2)?
-5
Evaluate -1 + -5 + (5 + 5 - 0).
4
-1 - (2 + 4 + -6)
-1
Evaluate -3 + 7 + 10 + -9.
5
-6 - (-4 - -5 - (-4 + 4))
-7
1 + -1 + 1 - 1
0
Evaluate -5 + 5 + 5 - 2.
3
What is the value of (-1 + 3 - 5) + 1 - 1?
-3
Evaluate (1 + -4 - (6 + -7)) + -3.
-5
What is the value of 5 + 5 + -1 + -6 + -3?
0
(5 - 3 - -5) + -6
1
Evaluate -5 - (-10 + 0 - (-8 + 7)).
4
What is 7 - (3 - (8 - 12))?
0
What is the value of 1 + -12 + 18 + -12?
-5
What is the value of (1 - 2) + (2 + 3 - 4)?
0
(32 - 34) + (0 - -11)
9
Evaluate 3 - -4 - (3 + 8) - -5.
1
What is the value of -4 + 1 - (5 - 12)?
4
What is the value of 4 - ((7 - 6) + 3)?
0
What is 12 + -6 + 5 + -6?
5
What is -7 + 5 + 0 + 2 + -5?
-5
What is 5 - ((0 - (-3 + -13)) + -4)?
-7
What is the value of (3 - 2 - -1) + (45 - 45)?
2
What is the value of 2 - 1 - -3 - 6 - -4?
2
Calculate -1 + 6 + -23 + 19 - -4.
5
What is the value of -18 - (-14 + 3) - -16?
9
What is 1